t be ((-7)/(-2))/((-2)/4). What are the prime factors of q(t)?
2, 3, 7
Suppose 7*i = 6*i - 6. Let z be 14*(-3532)/24 + i/9. What are the prime factors of (z/(-13))/3 + 14/91?
53
Suppose -17*q + 21536 - 3074 = 0. List the prime factors of q.
2, 3, 181
Let q(h) = -119*h**3 - 7*h**2 - 37*h - 8. What are the prime factors of q(-3)?
3253
What are the prime factors of (313166/(-28))/(33/(-42) - (-2)/7)?
22369
Let d(p) = -p**3 - 30*p**2 - 805*p - 2. List the prime factors of d(-35).
2, 11, 1559
Suppose -4*b - 4*h - 15233 = -159369, 3*b + 2*h - 108110 = 0. List the prime factors of b.
2, 3, 6007
Suppose 2*r - 117054 = -2*w, -3*r = -2*w + 74973 - 250594. List the prime factors of r.
5, 23, 509
Let c = -1 + -6. Let h(g) = 19*g - g**3 + 5*g - 4*g**2 - 4*g - 4*g + 16. List the prime factors of h(c).
3, 17
Let s be (-56)/(-6) + 0 + 8/(-6). Suppose 3*c - s*c = -515. List the prime factors of c.
103
Suppose -44076 = -29*c + 231772. List the prime factors of c.
2, 29, 41
Let j = 6726 + 2147. What are the prime factors of j?
19, 467
Let x(y) = -57 - 38 - 1528*y + 1296*y. What are the prime factors of x(-5)?
3, 5, 71
Suppose 270658 - 7457725 = -223*p. List the prime factors of p.
3, 3581
Suppose 3*l + 5*a + 16 = 0, -2*a = -l - 0*l + 2. Let w be 56/(-64)*-4 + (-1)/l. Suppose 208 = 2*c - 4*p, 3*c + w*p = 434 - 82. What are the prime factors of c?
2, 7
Suppose 82394*r - 1642560 = 82364*r. What are the prime factors of r?
2, 29, 59
Suppose -17*m - 15 = -22*m. Suppose m*h = -y + 6*y + 26, -h + 10 = -2*y. Suppose 4*g - b - 86 - 11 = 0, h*b - 36 = -2*g. List the prime factors of g.
23
Suppose -9582 = 22*y - 67811 - 138473. What are the prime factors of y?
8941
Let o(p) = 307*p**2 - 71*p + 141. List the prime factors of o(2).
3, 409
Let n(w) = 3*w**2 + 5*w - 1. Let o be -1 + -1 + 5 + 48/(-8). List the prime factors of n(o).
11
Let q(u) = u + 6. Let z be q(2). Suppose z*p + 12 = 172. Suppose v - 5*c - 3 + 0 = 0, 0 = 4*c - p. What are the prime factors of v?
2, 7
Let z(p) = 508*p**2 + 557*p - 1676. What are the prime factors of z(3)?
4567
Let n be 572*-3*(-1)/6. Let j be 4 + 74 - (-4 - 0/(-4)). Let p = n - j. List the prime factors of p.
2, 3, 17
Suppose -8*a = -22*a. Suppose a*j = 2*s + 2*j - 294, 3*s = 5*j + 457. List the prime factors of s.
149
Let t be (-8)/16 - 3*(-9)/6. Suppose 86 = t*i - 1174. Let k = -166 + i. List the prime factors of k.
149
Suppose t + 5*p - 471 = 0, 6*t - 5*p = 11*t - 2435. Suppose t*r + 744 = 494*r. List the prime factors of r.
2, 31
Let n be (-11)/((-44)/20) - 664/(-2). Let p = 473 - n. List the prime factors of p.
2, 17
List the prime factors of 3714/1 + -119 + 128.
3, 17, 73
Let g = 1307 + -908. Let v = -221 + g. List the prime factors of v.
2, 89
Let w be (2/17 - 4/34)*-1. Suppose w = 3*o + 291 - 1335. What are the prime factors of o?
2, 3, 29
Suppose 0 = 3*x + 85*i - 84*i - 63445, 5 = 5*i. List the prime factors of x.
2, 17, 311
Let c = -30 + 33. Suppose 27 = 3*m - c*l, 17 - 4 = 5*m + 3*l. Suppose 7 = -m*b + 77. List the prime factors of b.
2, 7
Suppose -277 + 11 = -7*n. Suppose 6*a + 14 = n. Suppose -2*i = -4*k + 65 - 249, 98 = i - a*k. List the prime factors of i.
2, 43
Let s be 12/(-96) + ((-157020)/32 - -3). What are the prime factors of s/(-10)*(-115)/(-46)?
2, 613
Let h(n) = -n**3 - 24*n**2 - 20*n - 51. Let a be h(-23). Let s = a - -131. Suppose 9*u + 320 = s*u. What are the prime factors of u?
2, 5
Let q be ((-6)/(-18))/(1/18*1). Suppose -9 = -q*u + 9. Suppose 4*k - 738 = -2*h, 0*h + 559 = u*k - 4*h. What are the prime factors of k?
5, 37
Let w(x) = 41*x**2 + x - 1. Let l(i) = -41*i**2 + i + 2. Let t(v) = -4*l(v) - 3*w(v). What are the prime factors of t(-2)?
173
Suppose 5*c - 4*s - 1822 = 0, -4*c + 3*c = 4*s - 350. Suppose 63*p = 62*p + c. List the prime factors of p.
2, 181
Let a(s) = 13*s**2 + 31*s + 721. What are the prime factors of a(55)?
3, 4639
What are the prime factors of (-237)/79 + 911*3*5?
2, 3, 11, 23
Suppose 5092 = 7*b + 1200. Let r = 845 - b. What are the prime factors of r?
17
Let g(z) = 2419*z - 87. Let j be g(6). Suppose 36*a - j = 15*a. List the prime factors of a.
3, 229
Let p be 9/(-15) - (-1885)/(-25). What are the prime factors of (974/8)/((-19)/p)?
487
Let n(v) be the first derivative of -v**3/3 + 19*v**2/2 + 52*v + 10. Let p be n(21). Let f = p - -10. List the prime factors of f.
2, 5
Let q = 6944 + -4740. Suppose 5*t - 581 = -c, -10*c = -6*c - 4*t - q. What are the prime factors of c?
2, 139
What are the prime factors of 4/50 - 11002613/(-775)?
14197
Suppose 32 = 2*y - 10*y. Let x be 2*((-274)/y - -5). Suppose 1323 + x = 6*q. List the prime factors of q.
5, 7
Suppose 11*f = 7*f. Suppose -13*a + 15 = -10*a, f = j + 5*a - 369. List the prime factors of j.
2, 43
Suppose -6 = 50*f - 51*f. Suppose 909 = f*c - 147. List the prime factors of c.
2, 11
Let h = -6159 + 8855. What are the prime factors of h?
2, 337
Suppose 28*i + 54884 = 318252. List the prime factors of i.
2, 4703
Let n(k) = -k**3 - 16*k**2 - 68*k - 16. Let x be n(-13). Let d = x + -234. What are the prime factors of d?
127
Let w(p) = 10 - 2*p**3 - 2*p**2 - 24*p + 3*p**3 - 2*p**2 - 2*p**2. Let a = 59 - 49. What are the prime factors of w(a)?
2, 5, 17
Let l(s) = -2*s**3 - 166*s**2 - 71*s + 78. List the prime factors of l(-84).
2, 3, 3359
Let u be (-7)/(35/25)*-1. Suppose q + u = -5*b, -3*q + 7*q + 3*b + 3 = 0. Suppose q = o - 5*p - 111, 4*o + 4*p - 2*p = 466. List the prime factors of o.
2, 29
Let c = -3 + 5. Suppose -4*f = -4*v + 64, 4*v - c*f + 17 = 83. List the prime factors of v.
17
What are the prime factors of ((-2)/(-4))/(40/232080)?
3, 967
Suppose -13*u - 9732 = -35394. What are the prime factors of u?
2, 3, 7, 47
Let o(t) = t**2 - 6*t - 19. Let x be o(-3). Suppose g - x = 306. What are the prime factors of g?
2, 157
Let x(s) = -s**2 - 1. Let t(h) = h**3 - 4*h**2 - 20*h + 17. Let l(u) = t(u) + 3*x(u). Let o be l(9). What are the prime factors of (72/10 - o)/((-4)/(-30))?
2, 3, 7
Suppose -417*s - 30 = -423*s. Let m = 457 - s. What are the prime factors of m?
2, 113
Let c = -267 - -276. Let a(r) = 8*r**2 - 3*r + 53. List the prime factors of a(c).
2, 337
Suppose 18 = 3*k + 6*k. What are the prime factors of -137*k*(-3)/12*2?
137
Let f(i) = -20*i + 20. Let n be f(1). Let a = 19 - 4. List the prime factors of 9/(-15) - ((-1494)/a - n).
3, 11
Suppose -11*r + 2*r = 603. Let p = r + 430. What are the prime factors of p?
3, 11
Suppose -2*r = -3*s - 78966, -3*r + 5634*s = 5629*s - 118450. What are the prime factors of r?
2, 3, 5, 7, 47
Let a(x) = x**2 - 12. Let t be a(4). Suppose 0 = -b, 3*z - t*b - 137 = 64. List the prime factors of z.
67
What are the prime factors of 16/12 + 2/(-2) - 103023/(-27)?
2, 3, 53
Let h be 4/48*3 - (-6)/(-24). Suppose 3*s = 4*k + 62, 47 = 3*s - s + 3*k. Suppose -n + 0 + s = h. What are the prime factors of n?
2, 11
Let h(l) = -166*l + 48. Let g be h(-10). Let m = g + -782. List the prime factors of m.
2, 463
Let x = -38 - -70. Let s(b) = b**2 - 3*b - 163. List the prime factors of s(x).
3, 5, 17
What are the prime factors of -10*((-12)/3)/((-71360)/23795 - -3)?
2, 4759
Let a(j) = 18*j + 330. Let f(t) = -15*t - 329. Let g(o) = 2*a(o) + 3*f(o). List the prime factors of g(-43).
2, 3, 5
Let g be (-2 + 2)*((-9)/6)/3. Suppose -2*u = 5*z + 3*u - 5370, z - 4*u - 1084 = g. List the prime factors of z.
2, 269
Suppose 9*w - 111150 = 72781 + 104429. List the prime factors of w.
2, 3, 5, 89
Let v(a) = a**3 + 7*a**2 + 13*a + 20. Let d be v(-5). Suppose 687 = d*c - 2853. List the prime factors of c.
2, 3, 59
Suppose 0 = -3*t - m + 10200, 2*t + 0*t - 3*m = 6789. List the prime factors of t.
3, 11, 103
Let q(c) = 4*c + 16. Let k be q(12). Suppose -4*m = -4*i - 220, k = m - 0*m - 4*i. Suppose 0 = -4*p - m + 848. List the prime factors of p.
199
Suppose -66*p + 766293 - 253605 = 0. List the prime factors of p.
2, 971
Suppose -2*z + 36 = 2*h + z, -h - 2*z + 17 = 0. Suppose 0 = -5*w + 41 - h. List the prime factors of -3 + (282/w)/(12/16).
7, 13
Let i = -711 - -722. Let x = 8 + 22. Let h = x - i. List the prime factors of h.
19
Let g be 1023 - -1 - (-17 + 11). Suppose 3*v = 0, 6*x - g = x + 5*v. What are the prime factors of x?
2, 103
Let y = 39221 + -27529. List the prime factors of y.
2, 37, 79
Let l(i) = -13*i - 364. Let v be l(-28)